me factors of i?
2, 7
Suppose -18297 = 83*t - 84697. What are the prime factors of t?
2, 5
Suppose -69132 - 846362 = -11*w - 197557. What are the prime factors of w?
65267
Let f = 98 + -71. Suppose 112 = 17*q + f. Suppose q*x - 3*p - 260 = -4*p, 4*p = -x + 71. What are the prime factors of x?
3, 17
Suppose 11*b + 8*b = -9*b + 265776. List the prime factors of b.
2, 3, 7, 113
Suppose -2*f + 722 = 4*a, 2*f - 2*a = -3*a + 710. Suppose 345*d = f*d - 10000. What are the prime factors of d?
2, 5
Suppose -r + 2*p = -2*p - 228, -2*r - 4*p + 516 = 0. Suppose -17 - r = -5*t. Let g = t + 9. List the prime factors of g.
2, 31
Let t(x) = 23*x + 34*x**3 - 23*x. Let i be t(1). Suppose 17*b - i = 15*b. List the prime factors of b.
17
Suppose -19*c + 234693 = -601421. What are the prime factors of c?
2, 22003
Suppose 0 = -7*s + 3*s + 264. Let p be 6 - -45*(8 - (1 + 4)). Let l = p + s. List the prime factors of l.
3, 23
Suppose 304*r - 1590358 = 143*r. What are the prime factors of r?
2, 11, 449
Suppose 4569 = 4*o + m, -o - 422 + 1565 = m. Let r = o + -644. What are the prime factors of r?
2, 3, 83
Suppose 2 = -i + 4. Let s be (-3)/i*188/(-3). Suppose -5*c = 4*t - 320, 0 = -2*t - 3*c + s + 64. List the prime factors of t.
5, 17
Suppose -3*h + 185 = -5*p, -2*p - 63 = -0*h + h. Let v = p - -39. Suppose 3*x = -3, 3 = 3*o + v*x - 4. List the prime factors of o.
2
Let s = -28 + -131. Suppose -39*i + 47840 = 111*i + 34*i. Let a = s + i. What are the prime factors of a?
101
Suppose -5*p + 2*q = 129 + 294, -3 = 3*q. Let r = 428 + p. List the prime factors of r.
7
Let x(f) = 3002*f + 2678. List the prime factors of x(8).
2, 3, 1483
Suppose -136560 = 5807*o - 5822*o. What are the prime factors of o?
2, 569
List the prime factors of -1 - (1 + 5) - (-5764 + 101).
2, 7, 101
Let a = 2019 - -8641. List the prime factors of a.
2, 5, 13, 41
Let v(u) = 21*u**2 - u - 2. Suppose -3*z = 6, o + 3*z - 23 = 5*z. Suppose -2*k + 4*a - 8 = 0, -3*k + o = 2*k + 3*a. List the prime factors of v(k).
2, 5
What are the prime factors of (-8 + 2)/1*12/(360/(-64730))?
2, 6473
Let p = -2871 - -1962. Let l = -575 - p. What are the prime factors of l?
2, 167
Let f(c) = -c**2 - 13*c - 32. Let y be f(-3). Let v be 3080/(-210)*1/(y/27). Let s = v - 54. What are the prime factors of s?
2, 3
Let s(g) = -426*g - 3945. What are the prime factors of s(-46)?
3, 37, 47
Suppose 7*r - 2*r = -3*n + 22, -5*r + 14 = n. Let u be r/(35/165*(-2)/(-7)). Let o = 39 - u. What are the prime factors of o?
2, 3
Suppose -149*q + 151*q = 6970. List the prime factors of q.
5, 17, 41
Let n = -6266 - -11226. Suppose -5*u + n = -6*t + t, 5*t = -3*u + 2984. What are the prime factors of u?
3, 331
Let h = 54 - 52. Suppose 0*u = -h*u + 796. Suppose 5*f = 4*p - p - u, 0 = 5*f + 20. List the prime factors of p.
2, 3, 7
Let w(g) = 382*g**3 - 4*g**2 + 24*g - 274. What are the prime factors of w(6)?
2, 13, 3163
Suppose 0 = -4*a - 5*m - 0*m + 2278, -2*m = -4. Let z = -311 + a. What are the prime factors of z?
2
Let w(b) = -27*b**2 + 5*b - 3 - 15*b**2 + 53*b**2 + b**3. What are the prime factors of w(-10)?
47
Suppose -12*s = -10*s + 1958. Let w = s + 1691. What are the prime factors of w?
2, 89
Let o(i) = 4*i**2 - 16*i - 1. Let a be ((-15)/10)/(4/(-24)). Let z be o(a). Let m = z - 105. List the prime factors of m.
2, 37
Suppose 0 = 2478*v - 2485*v + 18732. What are the prime factors of v?
2, 3, 223
Let b(w) be the second derivative of 337*w**3/6 - w**2/2 + 6*w. Let h be b(1). Suppose n + h = 7*n. What are the prime factors of n?
2, 7
Suppose -4*p - o + 28 = 3*o, 0 = o - 2. Suppose 2*w - 12 = -8. Suppose -w*r + p*s = -48 - 13, 4*s = 3*r - 81. What are the prime factors of r?
23
Let a(h) be the second derivative of -h**3/6 + 2*h**2 + 7*h. Let y be a(1). Suppose -g + y*f + 52 = 0, -3*f + 4*f - 206 = -3*g. List the prime factors of g.
67
Let c(i) = -91*i - 1618. What are the prime factors of c(-104)?
2, 3923
Suppose 501*h - 23971332 = -19*h + 58*h. What are the prime factors of h?
2, 25943
Suppose v - 3 = -u, -16 = -3*u + 3*v - 1. Let d(q) = u - 3 + 0 - 38*q. What are the prime factors of d(-2)?
7, 11
Suppose -8*o - 14 = -12*o + l, -3*o - 4*l + 20 = 0. Suppose -14*i + 10*i = o*z - 4808, z - 6026 = -5*i. What are the prime factors of i?
2, 3, 67
Let k(g) = -g**3 + 44*g**2 + 73*g + 50. List the prime factors of k(21).
2, 11, 13, 41
Suppose 0 = 6*i - 36. Suppose 3*j - i = 3. What are the prime factors of (-1 + 78)/1 + j?
2, 5
Suppose -n - 4*i = 836 - 40, n - 3*i = -761. Let f = n - -1678. List the prime factors of f.
2, 11, 41
Let r be (-2)/8 + (-78)/104. What are the prime factors of (4 - 10) + r + 448?
3, 7
Suppose 41 + 5 = q. Let r = -41 + q. Suppose r*v + 53 = 413. List the prime factors of v.
2, 3
Let s(g) = -19*g**3 - 8*g**2 - 32*g - 3. Let q be 6/8 - 30/8. List the prime factors of s(q).
2, 3, 89
Suppose 0 = 2*v - 5*q - 7855, 8*v + 3*q = 11*v - 11787. List the prime factors of v.
2, 3, 5, 131
Let v be (81 - 1)/((-2)/19). List the prime factors of (-396800)/v - 4/38.
2, 3, 29
Suppose 0 = -2*k + 7*k - 100. Suppose 4*b + z + 13 = 121, -k = 5*z. Suppose 29*y = b*y + 54. List the prime factors of y.
2, 3
Suppose -120099 = -4*z + 3*j, -z + 0*j = -2*j - 30026. Suppose -3758 = 46*c - z. List the prime factors of c.
571
Suppose -2*g = 5*z - 166, 0 = 3*z - 6*g + 4*g - 106. Suppose -z*c + 1929 = -32717. What are the prime factors of c?
1019
Suppose -7*j + 12*j = -25. What are the prime factors of 5 + (1295/7 - j)?
3, 5, 13
Let q(d) = d**3 + 2*d**2 - 2*d - 1. Let a be q(6). Suppose -o - 4*b = 4*o - a, -2*o + 107 = b. Suppose 5*c - o = 139. What are the prime factors of c?
2, 19
Let c(s) = 3*s**2 - 28*s - 32. Suppose r - 6 = 11. List the prime factors of c(r).
359
Suppose -3*c + 18 = 6. Let b(g) = g**2 - 13. Let i be b(c). Suppose -3*k + 7*k = i*q + 492, 5*k - 596 = -q. What are the prime factors of k?
2, 3, 5
Suppose -3*a - 5*c + 3*c = -1374, -5*c = 2*a - 916. Let d = a - 187. List the prime factors of d.
271
Let w be 4791/15 + (-42)/(-70). List the prime factors of (w/4 - -3) + 0.
83
Let j = -121 + 72. Let l = -46 - j. Suppose a + 3*c = 111, -l*c = 4*a - 0*c - 480. What are the prime factors of a?
3, 41
Suppose -2*q = 2*y - 5 + 21, -2*q = 4*y + 24. Let h = -207 + 208. List the prime factors of ((-2)/q)/(h/8).
2
Suppose -5*z = -5*h - 4210, 1699 = -h - h - 3*z. Let y = h + 1579. List the prime factors of y.
2, 367
Let k(n) = 6*n**2 + 11*n + 10. Let y be k(-6). Suppose -s - y = -3*s. Let d = s - 55. List the prime factors of d.
5
Let i = 160977 - 102412. List the prime factors of i.
5, 13, 17, 53
Let r(m) = m**2 + 18*m - 8. Let z be r(-19). Suppose 0 = -2*y - 4*g - 20, 2*y + 4 = -3*g - z. Suppose y*w + 492 = 6*w. What are the prime factors of w?
2, 41
Suppose 0*c + c - 30 = -5*i, 4*c - 30 = -5*i. Let t be -1*(-6)/18 - 26/i. What are the prime factors of 2/(221/146 + 6/t)?
2, 73
Let v(j) = -5*j + 13. Let l be v(5). What are the prime factors of -3 + (-135)/(-2) - l/(-8)?
3, 7
What are the prime factors of (2 - -63)*(-2)/(-9 + 29360/3265)?
2, 13, 653
Let o = 63 + -57. Suppose o*a = 18 + 12. Suppose -4*r + a*r - 58 = 0. List the prime factors of r.
2, 29
Let k = 554 + -553. What are the prime factors of (-52)/(-65) - (k + 393/(-15))?
2, 13
Let r(f) = -3*f**3 - 6*f**2 + f + 8. Let k(u) = -u**2 - u + 1. Let g(x) = -3*k(x) + r(x). Let m be g(-2). Let o = 61 - m. What are the prime factors of o?
2, 13
Let p(m) = 605*m - 5144. List the prime factors of p(144).
2, 10247
Let f = 32540 + -19538. What are the prime factors of f?
2, 3, 11, 197
Suppose 5*v - 2*j - 5004 = 0, -18 = 2*j - 14. Suppose 24*a = v + 6560. What are the prime factors of a?
3, 5, 7
Let a(z) = -195*z - 109. Let j be a(4). Let i = 1346 + j. What are the prime factors of i?
457
Suppose 2*q - 3*u = 1361, -11*q + 4*u - 686 = -12*q. What are the prime factors of q?
2, 11, 31
Let o(a) = -2*a + 12 + a**3 - 101*a**2 + 96*a**2 + 0*a. Let t be o(5). Suppose -j = f - 79 - 36, 0 = f + t*j - 115. What are the prime factors of f?
5, 23
Suppose 0 = 11*g - 9*g + 8*g - 88830. What are the prime factors of g?
3, 7, 47
What are the prime factors of (157 + -159)*(-3270 - 1)?
2, 3271
Let r be 1244/2 + -5 + -7. Suppose a - 46 = r. What are the prime factors of a?
2, 41
Let t(k) be the first derivative of 5*k**3